17
Let r = -16 - -18. Suppose r*c - 12 = -2*u, 0 = u - 4 - 1. Let y = 9 + c. What are the prime factors of y?
2, 5
Let t(i) = -i**3 + 23*i**2 - 14*i - 3. Let x be t(23). Let f = x + 547. List the prime factors of f.
2, 3, 37
List the prime factors of (-12678)/(-18) + (-8)/(-12) + -2.
19, 37
Suppose -177 = -g + 4*g. Let w = g + 70. What are the prime factors of w?
11
Let d be 36/2*(13 - 15). Let s = -18 + -42. Let l = d - s. What are the prime factors of l?
2, 3
Let j be 8/14*(-21)/(-6). What are the prime factors of -1*j*(4 - 8)?
2
Let w = -665 + 230. Let d be 1*(-4)/(12/w). Suppose -y = -a - a - 40, a - d = -5*y. What are the prime factors of y?
2, 3, 5
Let a(p) = p**3 + 2*p**2 - 1. Let f be a(-1). Suppose 5*n - 36 - 29 = f. What are the prime factors of n?
13
Let t be (12/(-21))/(2/(-14)). Suppose t*d - 36 = 436. List the prime factors of d.
2, 59
Let v be 17/6 + (-2)/(-12). Suppose v*o - 60 = -2*o. List the prime factors of o.
2, 3
Let t(p) = 367*p + 474. What are the prime factors of t(6)?
2, 3, 223
Suppose 5*m = 5, -2*m - 3 = 2*q - 7*m. Let a be ((-2)/(-4))/(q/6). Suppose a*o = d - 6*d + 112, 4*d - 5*o = 60. What are the prime factors of d?
2, 5
Let c = -22 + 21. List the prime factors of ((-29)/(-3))/(c/(-3)).
29
Suppose -3*k + 3*m = -3, -8 = 5*k + 3*m - 29. Suppose -4*c + 0*i - k*i + 662 = 0, 5*i = 3*c - 482. List the prime factors of c.
2, 41
Suppose -4*w + 1604 = -4*i, 8*w + 4*i = 6*w + 784. List the prime factors of w.
2, 199
Let g = -158 - -280. Let u = g + -92. What are the prime factors of u?
2, 3, 5
Let d(j) = j**3 + 12*j**2 - 13*j. Let u be d(-13). Suppose -7*p + 8*p - 142 = u. List the prime factors of p.
2, 71
Let b = -249 + 612. What are the prime factors of b?
3, 11
Let i(d) = 5*d**2 + 4*d + 1. Let l be i(3). Suppose -4*p = a + 32, 2*p + l = -3*a - a. List the prime factors of 804/(-8)*8/a.
67
Suppose -2*r + 653 = -4*i - 1179, -3664 = -4*r + 5*i. What are the prime factors of r?
2, 229
Let q(g) = -2*g**2 + 9*g + 12. Let f be q(5). List the prime factors of (-2850)/(-14) - (-3)/f.
2, 3, 17
Let u be (-58220)/(-60) + 1/(-3). Suppose 10*t - u = -0*t. What are the prime factors of t?
97
Let o(x) = -x**2 - 8*x + 12. Suppose 5*f - 3*l + 36 = -0*l, 3*f - l = -24. Let i be o(f). List the prime factors of 2/i*39/2.
13
Let p be (6/(-4) + 0)*4. Let d(c) = 2*c + 2*c - 8*c - 10. What are the prime factors of d(p)?
2, 7
Let g = -345 + 770. List the prime factors of g.
5, 17
Let m = -4 - -344. What are the prime factors of m?
2, 5, 17
Suppose -11 = -3*c + 4*n + 1, 0 = c + 5*n - 23. Let z(x) = 2*x**2 - 9*x - 11. List the prime factors of z(c).
3, 5
Let i(s) = s - 7 - s + s. Let h(t) = -t + 17. Let a be h(8). What are the prime factors of i(a)?
2
Let u(x) = -3*x**3 - 29*x**2 + 28*x + 4. List the prime factors of u(-16).
2, 5, 13, 17
Suppose 0 = -11*u + 1783 + 2562. What are the prime factors of u?
5, 79
Let u(r) = 20*r**2 + 14*r + 1. Let y be u(6). Suppose 0 = -8*t + 1107 + y. List the prime factors of t.
239
Suppose 0*r - 3*r + 1883 = f, 0 = 4*r - f - 2513. What are the prime factors of r?
2, 157
Let h(r) = -3*r**2 - 2*r + 3. Let k be h(1). Let o(w) = -19*w**3. List the prime factors of o(k).
2, 19
Suppose 4*d = -6 + 2. List the prime factors of -1*-34*2 - d.
3, 23
Suppose 21341 = 18*d + 6959. What are the prime factors of d?
17, 47
Let p(n) = 2*n - 13. Let f be p(7). Let q be 87 + f - 6/(-3). Suppose -q = -7*s + 78. List the prime factors of s.
2, 3
Let l = -39 + 36. Let u(m) = 5*m**2 - 2*m + 5. What are the prime factors of u(l)?
2, 7
Suppose t + a = -2, t + 6*a = a + 10. Let y be -4 - -2 - (t + 14). Let u(s) = -3*s + 5. What are the prime factors of u(y)?
2, 19
Let w be 4/(-22) - (-68)/11. Let j(y) = 4 + 0 + 0*y - w*y. List the prime factors of j(-2).
2
Let s = 967 + -550. List the prime factors of s.
3, 139
Suppose c - 109 = -0*j + 2*j, 4*j - 337 = -3*c. What are the prime factors of c?
3, 37
Suppose -3*w = 17*w - 9100. What are the prime factors of w?
5, 7, 13
Let m = -974 + 1531. What are the prime factors of m?
557
Let c = 1273 + -769. List the prime factors of c.
2, 3, 7
Suppose 0 = -3*i + 8*i. Suppose -16 = -g - i*g. Let u = g - 2. What are the prime factors of u?
2, 7
Let d(k) = k**2 - 9*k - 10. Let r be d(9). Let i = 41 - r. What are the prime factors of i?
3, 17
Let r(k) = k**3 - 17*k**2 + 16*k + 2. Let g be r(16). Let y = 265 - 180. Suppose -3*d + y = g*d. List the prime factors of d.
17
Let s(y) = 35*y**2 + 5*y - 7. Suppose w = -q + 6, 0 = 2*q + w - 5 - 3. List the prime factors of s(q).
11, 13
Let s(f) = 9*f**2 - 5*f + 6. Let b be s(3). Let w be (-1*5)/(12/b). Let m = 77 + w. What are the prime factors of m?
47
Let o = -984 - -1904. What are the prime factors of o?
2, 5, 23
Suppose -2*m + f = 0, 4*m - 38 = -5*f - 10. Suppose c + 3*t - 6 = 2*t, -5*c = -3*t + m. Suppose -4 = c*j - 42. List the prime factors of j.
19
Let y(i) = i + 13. Let c be y(-5). Suppose -2*h + 284 = 2*j, j - c*h - 118 = -3*h. What are the prime factors of j?
2, 3, 23
Suppose 0*a + 37*a - 148407 = 0. What are the prime factors of a?
3, 7, 191
What are the prime factors of 14*4/10*(34 + -29)?
2, 7
Let q(h) = h - 2. Let l be q(2). Let i = 308 - l. What are the prime factors of i?
2, 7, 11
Let i = 75 - -3763. What are the prime factors of i?
2, 19, 101
Let p(h) = 88*h - 92. What are the prime factors of p(8)?
2, 3, 17
Let c be (20/8)/((-1)/(-2)). Suppose 0*o - 4*o + 12 = 0, 0 = c*t - 3*o - 446. List the prime factors of t.
7, 13
Let v(k) = 48*k + 27. What are the prime factors of v(29)?
3, 11, 43
Let d be (1 + 1)/(42/(-12) + 4). Let z = -1 - -3. Suppose 6 = -y - d*p + 43, z*p = 4*y - 94. What are the prime factors of y?
5
Let n(t) = -64*t + 26*t - 22*t - 4 - 3. What are the prime factors of n(-2)?
113
Let z(w) = w**3 + 21*w**2 + 3*w + 34. List the prime factors of z(-19).
3, 233
List the prime factors of 4/(-4)*-2*(-6186)/(-4).
3, 1031
Suppose -3*t - 25 = -13. List the prime factors of (-4)/(-2) + 46 - t.
2, 13
Suppose 20 = 3*d + 2*d, 3*d - 13 = x. List the prime factors of (x/2)/((-2)/124).
31
Let a(t) = -t - 3*t**2 - 3 + 41*t**2 + 5. Let i be a(-2). Suppose 3*j - 7*j = -i. What are the prime factors of j?
3, 13
Suppose 2*x - 10*p - 3132 = -11*p, 0 = -5*x - 3*p + 7831. List the prime factors of x.
5, 313
Suppose -30 - 10 = 5*z. Let m = -5 - z. What are the prime factors of ((-15)/m)/(5/(-30))?
2, 3, 5
Suppose -2*d = 4*y - 3*d - 14625, -2*y + 7323 = 3*d. What are the prime factors of y?
3, 23, 53
Suppose 0 = 32*m - 22*m - 6350. What are the prime factors of m?
5, 127
Suppose 3*b - 3*r - 249 - 1008 = 0, -3*b + 5*r + 1261 = 0. List the prime factors of b.
3, 139
Let a = -125 + 123. List the prime factors of a/(-8)*2 + 3213/14.
2, 5, 23
Let y be 8/10 + (-72)/(-10). Suppose -4*d - y = 0, -2*s + 5*d + 74 = -30. List the prime factors of s.
47
Let m(q) = 5*q**2 + 5*q - 5. Let n be m(4). Let v be -4*(1 - 8)*9/36. Suppose -v*g = -12*g + n. What are the prime factors of g?
19
Suppose -100 = 9*q - 8*q. Let i(m) = -6*m**2 - 10*m - 7. Let n be i(-6). Let l = q - n. List the prime factors of l.
3, 7
Suppose 5*t - 2*t = 21. Suppose t*r = 2*r + 200. Suppose r = 3*n - 2*p, 0 = 2*n - 6*n - p + 35. List the prime factors of n.
2, 5
Let l(u) = 9*u + 25. Let s be l(-11). Let j = -7 - s. What are the prime factors of j?
67
Let k(i) = i**2 + 14*i + 1. Let u be k(-14). Let t = u - -22. Suppose 5*a = -5*p + 50, -p = 3*a - t + 1. What are the prime factors of a?
2, 3
Suppose 3*d - 5 = -2*s, -s - 3*s + 17 = -d. Suppose -5*x = 4*b + 186, -2*b + 4*b = -s*x - 144. Let l = -28 - x. List the prime factors of l.
2, 3
What are the prime factors of 443/3 + (2 - (-6)/(-9))?
149
Let d = 719 + -512. What are the prime factors of d?
3, 23
Let y = -689 + 1549. List the prime factors of y.
2, 5, 43
What are the prime factors of 4292/(20/(8 + 2))?
2, 29, 37
Let w(f) = -5*f + 17. Suppose 2*t = 3*t + 4*a + 26, 0 = -3*t + 4*a - 14. What are the prime factors of w(t)?
67
Let t = 6583 - 4583. List the prime factors of t.
2, 5
Let l(n) = -10*n + 39. What are the prime factors of l(-15)?
3, 7
Let q(y) = -2382*y - 11. Let x be q(-15). What are the prime factors of x/253 - 2/11?
3, 47
Suppose 7*u - 7116 = 4651. What are the prime factors of u?
41
Suppose 4*s + 3948 = 4*f, 0*s + 3953 = 4*f - 5*s. List the 